lculate the greatest common divisor of 986 and 24701.
17
What is the highest common divisor of 541992 and 198?
66
Calculate the greatest common factor of 881731 and 1671.
557
What is the greatest common divisor of 1135 and 499854?
227
Calculate the greatest common divisor of 352066 and 286.
286
What is the greatest common factor of 115060 and 440?
220
Calculate the highest common divisor of 24542 and 28.
14
Calculate the greatest common divisor of 81133 and 221.
13
What is the highest common divisor of 145 and 985?
5
Calculate the greatest common divisor of 308 and 111650.
154
What is the highest common factor of 798 and 50388?
114
What is the highest common divisor of 12 and 4841850?
6
What is the highest common divisor of 128 and 198496?
32
What is the greatest common factor of 4563 and 65?
13
Calculate the greatest common factor of 14442 and 6723.
249
What is the highest common divisor of 504 and 374787?
63
What is the highest common divisor of 87738 and 18?
6
What is the greatest common divisor of 1341 and 531?
9
Calculate the greatest common factor of 33 and 92147.
11
Calculate the greatest common factor of 3003 and 586404.
273
What is the highest common divisor of 178785 and 822?
411
What is the highest common divisor of 1194187 and 3606?
601
What is the highest common factor of 384 and 456?
24
Calculate the greatest common divisor of 425081 and 309.
103
What is the greatest common factor of 114234 and 10604?
482
What is the highest common divisor of 112547 and 241?
241
What is the highest common divisor of 38 and 30533?
19
Calculate the highest common divisor of 47402 and 548.
274
What is the greatest common factor of 17484 and 65472?
372
Calculate the highest common divisor of 51 and 801.
3
What is the greatest common factor of 357 and 877527?
21
Calculate the highest common divisor of 229880 and 35.
35
Calculate the highest common divisor of 4044843 and 297.
297
What is the greatest common factor of 42 and 14069622?
42
Calculate the highest common factor of 97264 and 784.
16
What is the highest common factor of 13881 and 777?
21
Calculate the highest common divisor of 715 and 165.
55
What is the greatest common factor of 464 and 86?
2
Calculate the greatest common divisor of 1065520 and 95.
95
What is the greatest common factor of 48825 and 1643?
31
What is the highest common divisor of 47370 and 90?
30
What is the greatest common divisor of 222828 and 24?
12
Calculate the highest common factor of 13104 and 294.
42
Calculate the greatest common factor of 598755 and 31220.
1115
What is the greatest common factor of 918 and 18819?
459
What is the highest common factor of 296 and 192104?
296
Calculate the greatest common factor of 325 and 144521.
13
What is the highest common divisor of 78 and 2352194?
26
What is the greatest common factor of 8 and 33022?
2
What is the highest common factor of 131859 and 49?
49
Calculate the greatest common factor of 1765 and 7413.
353
Calculate the greatest common divisor of 156516 and 66.
6
Calculate the greatest common factor of 13869 and 5796.
207
What is the greatest common factor of 534182 and 22?
22
What is the greatest common factor of 3905 and 58795?
55
Calculate the highest common divisor of 216 and 2906172.
108
Calculate the highest common divisor of 26164 and 6752.
844
Calculate the greatest common divisor of 12121 and 992.
31
Calculate the greatest common divisor of 10860379 and 61.
61
What is the highest common divisor of 987 and 4371?
141
What is the highest common factor of 2725 and 12644?
109
Calculate the highest common divisor of 12 and 7986.
6
What is the highest common divisor of 24140 and 4580?
20
What is the greatest common factor of 5850 and 2301?
39
Calculate the greatest common factor of 396580 and 316.
316
What is the highest common divisor of 119286 and 141?
141
Calculate the greatest common divisor of 16100 and 27692.
644
What is the highest common divisor of 3696 and 2296?
56
What is the greatest common factor of 2496 and 2613?
39
What is the greatest common factor of 92361 and 17?
17
What is the greatest common factor of 109010 and 1430?
110
What is the highest common factor of 9145071 and 117?
117
Calculate the highest common divisor of 26 and 23413.
13
What is the greatest common factor of 86016 and 63616?
896
Calculate the greatest common factor of 2220 and 1406925.
555
Calculate the highest common divisor of 11 and 1243.
11
Calculate the highest common factor of 563 and 1409752.
563
Calculate the highest common divisor of 83 and 107817.
83
What is the highest common factor of 168020 and 93?
31
Calculate the highest common divisor of 149720 and 21850.
190
Calculate the greatest common factor of 270 and 26430.
30
Calculate the greatest common factor of 186014 and 68.
34
What is the highest common factor of 86751 and 4284?
1071
Calculate the greatest common factor of 21 and 23437869.
21
What is the highest common factor of 156 and 163059?
39
Calculate the highest common factor of 3608 and 56.
8
What is the highest common divisor of 54957 and 9?
3
What is the highest common factor of 1293 and 168?
3
What is the highest common factor of 85 and 22255?
5
What is the highest common factor of 940 and 21970?
10
What is the greatest common factor of 207 and 191889?
207
What is the greatest common factor of 904 and 57856?
904
Calculate the greatest common factor of 12 and 53895.
3
What is the greatest common divisor of 1035 and 7751?
23
What is the highest common factor of 3232710 and 390?
390
Calculate the greatest common factor of 11312 and 707.
707
What is the greatest common factor of 153685 and 980?
35
What is the greatest common factor of 9696 and 208767?
303
What is the highest common divisor of 100 and 1178900?
100
Calculate the highest common factor of 237410 and 10.
10
What is the highest common factor of 296 and 1010692?
148
Calculate the highest common divisor of 69253 and 184.
23
What is the highest common divisor of 42250 and 200?
50
What is the highest common factor of 563665 and 790?
395
What is the greatest common factor of 528 and 3208392?
264
What is the greatest common factor of 615 and 430746?
123
What is the greatest common factor of 2093161 and 161?
161
What is the greatest common divisor of 51 and 278?
1
What is the greatest common divisor of 27306354 and 1266?
1266
What is the highest common divisor of 55254 and 42?
6
What is the highest common divisor of 7397780 and 481?
481
Calculate the highest common divisor of 82 and 409918.
82
Calculate the highest common factor of 3786 and 3459.
3
Calculate the greatest common factor of 927 and 999.
9
What is the highest common divisor of 522 and 288?
18
What is the highest common factor of 5642920 and 40?
40
Calculate the highest common factor of 1537039 and 28.
7
What is the greatest common divisor of 35 and 7413?
7
Calculate the greatest common divisor of 4790 and 1533758.
958
What is the highest common factor of 1672 and 95722?
418
Calculate the highest common divisor of 18 and 5769.
9
What is the highest common factor of 124 and 168144?
124
Calculate the greatest common factor of 20996 and 17738.
362
What is the highest common divisor of 3037160 and 56?
56
Calculate the greatest common divisor of 42 and 26558.
14
Calculate the highest common divisor of 5050 and 2245.
5
Calculate the greatest common factor of 363 and 78639.
33
Calculate the greatest common divisor of 2280 and 1500.
60
Calculate the highest common factor of 1469896 and 496.
248
Calculate the greatest common factor of 2027429 and 219.
73
What is the highest common divisor of 3879655 and 2210?
1105
What is the greatest common factor of 30 and 278745?
15
Calculate the highest common factor of 264886 and 1856.
58
What is the greatest common divisor of 684 and 972?
36
Calculate the highest common factor of 2364 and 543.
3
Calculate the greatest common divisor of 3423 and 4401.
489
What is the highest common divisor of 213 and 124889?
71
What is the greatest common divisor of 20617 and 106?
53
What is the greatest common factor of 145 and 115594?
29
Calculate the highest common factor of 396 and 30.
6
What is the greatest common divisor of 347662 and 38?
38
Calculate the greatest common divisor of 2560 and 295.
5
What is the highest common factor o